{"id":22464,"date":"2024-04-30T10:34:08","date_gmt":"2024-04-30T08:34:08","guid":{"rendered":"https:\/\/www.laboratoires-unisson.com\/faq\/%faq_category%\/perte-soudaine-de-l-audition"},"modified":"2025-02-12T12:35:35","modified_gmt":"2025-02-12T11:35:35","slug":"perte-soudaine-de-l-audition","status":"publish","type":"faq","link":"https:\/\/www.laboratoires-unisson.com\/fr-be\/faq\/audition\/perte-soudaine-de-l-audition","title":{"rendered":"Perte soudaine de l&#8217;audition : comment faire face ?"},"content":{"rendered":"","protected":false},"excerpt":{"rendered":"<p>La perte soudaine de l&#8217;audition est un \u00e9v\u00e9nement alarmant, n\u00e9cessitant une prise en charge rapide et adapt\u00e9e. Reconna\u00eetre les signes et comprendre les \u00e9tapes \u00e0 suivre est essentiel pour g\u00e9rer efficacement cette situation et pr\u00e9server au mieux sa sant\u00e9 auditive.<\/p>\n","protected":false},"featured_media":21849,"template":"","faq_category":[4633],"class_list":["post-22464","faq","type-faq","status-publish","has-post-thumbnail","hentry","faq_category-audition"],"acf":[],"yoast_head":"<!-- This site is optimized with the Yoast SEO plugin v27.1.1 - https:\/\/yoast.com\/product\/yoast-seo-wordpress\/ -->\n<title>Perte soudaine de l\u2019audition : que dois-je faire ?<\/title>\n<meta name=\"description\" content=\"D\u00e9couvrez comment r\u00e9agir face \u00e0 une perte auditive soudaine ainsi que tous nos conseils pour un diagnostic et une prise en charge adapt\u00e9e.\" \/>\n<meta name=\"robots\" content=\"index, follow, max-snippet:-1, max-image-preview:large, max-video-preview:-1\" \/>\n<link rel=\"canonical\" href=\"https:\/\/www.laboratoires-unisson.com\/fr-be\/wp-json\/wp\/v2\/faq\/22464\" \/>\n<meta property=\"og:locale\" content=\"fr_FR\" \/>\n<meta property=\"og:type\" content=\"article\" \/>\n<meta property=\"og:title\" content=\"Perte soudaine de l\u2019audition : que dois-je faire ?\" \/>\n<meta property=\"og:description\" content=\"D\u00e9couvrez comment r\u00e9agir face \u00e0 une perte auditive soudaine ainsi que tous nos conseils pour un diagnostic et une prise en charge adapt\u00e9e.\" \/>\n<meta property=\"og:url\" content=\"https:\/\/www.laboratoires-unisson.com\/fr-be\/faq\/audition\/perte-soudaine-de-l-audition\" \/>\n<meta property=\"og:site_name\" content=\"Laboratoires Unisson\" \/>\n<meta property=\"article:modified_time\" content=\"2025-02-12T11:35:35+00:00\" \/>\n<meta property=\"og:image\" content=\"https:\/\/www.laboratoires-unisson.com\/wp-content\/uploads\/2024\/04\/perte-soudaine-de-laudition.jpg\" \/>\n\t<meta property=\"og:image:width\" content=\"800\" \/>\n\t<meta property=\"og:image:height\" content=\"514\" \/>\n\t<meta property=\"og:image:type\" content=\"image\/jpeg\" \/>\n<meta name=\"twitter:card\" content=\"summary_large_image\" \/>\n<script type=\"application\/ld+json\" class=\"yoast-schema-graph\">{\"@context\":\"https:\/\/schema.org\",\"@graph\":[{\"@type\":\"WebPage\",\"@id\":\"https:\/\/www.laboratoires-unisson.com\/fr-be\/faq\/audition\/perte-soudaine-de-l-audition\",\"url\":\"https:\/\/www.laboratoires-unisson.com\/fr-be\/faq\/audition\/perte-soudaine-de-l-audition\",\"name\":\"Perte soudaine de l\u2019audition : que dois-je faire ?\",\"isPartOf\":{\"@id\":\"https:\/\/www.laboratoires-unisson.com\/fr-be#website\"},\"primaryImageOfPage\":{\"@id\":\"https:\/\/www.laboratoires-unisson.com\/fr-be\/faq\/audition\/perte-soudaine-de-l-audition#primaryimage\"},\"image\":{\"@id\":\"https:\/\/www.laboratoires-unisson.com\/fr-be\/faq\/audition\/perte-soudaine-de-l-audition#primaryimage\"},\"thumbnailUrl\":\"https:\/\/www.laboratoires-unisson.com\/wp-content\/uploads\/2024\/04\/perte-soudaine-de-laudition.jpg\",\"datePublished\":\"2024-04-30T08:34:08+00:00\",\"dateModified\":\"2025-02-12T11:35:35+00:00\",\"description\":\"D\u00e9couvrez comment r\u00e9agir face \u00e0 une perte auditive soudaine ainsi que tous nos conseils pour un diagnostic et une prise en charge adapt\u00e9e.\",\"inLanguage\":\"fr-BE\",\"potentialAction\":[{\"@type\":\"ReadAction\",\"target\":[\"https:\/\/www.laboratoires-unisson.com\/fr-be\/faq\/audition\/perte-soudaine-de-l-audition\"]}]},{\"@type\":\"ImageObject\",\"inLanguage\":\"fr-BE\",\"@id\":\"https:\/\/www.laboratoires-unisson.com\/fr-be\/faq\/audition\/perte-soudaine-de-l-audition#primaryimage\",\"url\":\"https:\/\/www.laboratoires-unisson.com\/wp-content\/uploads\/2024\/04\/perte-soudaine-de-laudition.jpg\",\"contentUrl\":\"https:\/\/www.laboratoires-unisson.com\/wp-content\/uploads\/2024\/04\/perte-soudaine-de-laudition.jpg\",\"width\":800,\"height\":514,\"caption\":\"perte soudaine de l'audition\"},{\"@type\":\"WebSite\",\"@id\":\"https:\/\/www.laboratoires-unisson.com\/fr-be#website\",\"url\":\"https:\/\/www.laboratoires-unisson.com\/fr-be\",\"name\":\"Laboratoires Unisson\",\"description\":\"Appareil auditif et proth\u00e8se auditive Moins Cher jusqu&#039;\u00e0 -40%\",\"publisher\":{\"@id\":\"https:\/\/www.laboratoires-unisson.com\/fr-be#organization\"},\"potentialAction\":[{\"@type\":\"SearchAction\",\"target\":{\"@type\":\"EntryPoint\",\"urlTemplate\":\"https:\/\/www.laboratoires-unisson.com\/fr-be?s={search_term_string}\"},\"query-input\":{\"@type\":\"PropertyValueSpecification\",\"valueRequired\":true,\"valueName\":\"search_term_string\"}}],\"inLanguage\":\"fr-BE\"},{\"@type\":\"Organization\",\"@id\":\"https:\/\/www.laboratoires-unisson.com\/fr-be#organization\",\"name\":\"Laboratoires Unisson\",\"url\":\"https:\/\/www.laboratoires-unisson.com\/fr-be\",\"logo\":{\"@type\":\"ImageObject\",\"inLanguage\":\"fr-BE\",\"@id\":\"https:\/\/www.laboratoires-unisson.com\/fr-be#\/schema\/logo\/image\/\",\"url\":\"https:\/\/www.laboratoires-unisson.com\/wp-content\/uploads\/2022\/01\/logo-unisson.svg\",\"contentUrl\":\"https:\/\/www.laboratoires-unisson.com\/wp-content\/uploads\/2022\/01\/logo-unisson.svg\",\"width\":1,\"height\":1,\"caption\":\"Laboratoires Unisson\"},\"image\":{\"@id\":\"https:\/\/www.laboratoires-unisson.com\/fr-be#\/schema\/logo\/image\/\"}}]}<\/script>\n<!-- \/ Yoast SEO plugin. -->","yoast_head_json":{"title":"Perte soudaine de l\u2019audition : que dois-je faire ?","description":"D\u00e9couvrez comment r\u00e9agir face \u00e0 une perte auditive soudaine ainsi que tous nos conseils pour un diagnostic et une prise en charge adapt\u00e9e.","robots":{"index":"index","follow":"follow","max-snippet":"max-snippet:-1","max-image-preview":"max-image-preview:large","max-video-preview":"max-video-preview:-1"},"canonical":"https:\/\/www.laboratoires-unisson.com\/fr-be\/wp-json\/wp\/v2\/faq\/22464","og_locale":"fr_FR","og_type":"article","og_title":"Perte soudaine de l\u2019audition : que dois-je faire ?","og_description":"D\u00e9couvrez comment r\u00e9agir face \u00e0 une perte auditive soudaine ainsi que tous nos conseils pour un diagnostic et une prise en charge adapt\u00e9e.","og_url":"https:\/\/www.laboratoires-unisson.com\/fr-be\/faq\/audition\/perte-soudaine-de-l-audition","og_site_name":"Laboratoires Unisson","article_modified_time":"2025-02-12T11:35:35+00:00","og_image":[{"width":800,"height":514,"url":"https:\/\/www.laboratoires-unisson.com\/wp-content\/uploads\/2024\/04\/perte-soudaine-de-laudition.jpg","type":"image\/jpeg"}],"twitter_card":"summary_large_image","schema":{"@context":"https:\/\/schema.org","@graph":[{"@type":"WebPage","@id":"https:\/\/www.laboratoires-unisson.com\/fr-be\/faq\/audition\/perte-soudaine-de-l-audition","url":"https:\/\/www.laboratoires-unisson.com\/fr-be\/faq\/audition\/perte-soudaine-de-l-audition","name":"Perte soudaine de l\u2019audition : que dois-je faire ?","isPartOf":{"@id":"https:\/\/www.laboratoires-unisson.com\/fr-be#website"},"primaryImageOfPage":{"@id":"https:\/\/www.laboratoires-unisson.com\/fr-be\/faq\/audition\/perte-soudaine-de-l-audition#primaryimage"},"image":{"@id":"https:\/\/www.laboratoires-unisson.com\/fr-be\/faq\/audition\/perte-soudaine-de-l-audition#primaryimage"},"thumbnailUrl":"https:\/\/www.laboratoires-unisson.com\/wp-content\/uploads\/2024\/04\/perte-soudaine-de-laudition.jpg","datePublished":"2024-04-30T08:34:08+00:00","dateModified":"2025-02-12T11:35:35+00:00","description":"D\u00e9couvrez comment r\u00e9agir face \u00e0 une perte auditive soudaine ainsi que tous nos conseils pour un diagnostic et une prise en charge adapt\u00e9e.","inLanguage":"fr-BE","potentialAction":[{"@type":"ReadAction","target":["https:\/\/www.laboratoires-unisson.com\/fr-be\/faq\/audition\/perte-soudaine-de-l-audition"]}]},{"@type":"ImageObject","inLanguage":"fr-BE","@id":"https:\/\/www.laboratoires-unisson.com\/fr-be\/faq\/audition\/perte-soudaine-de-l-audition#primaryimage","url":"https:\/\/www.laboratoires-unisson.com\/wp-content\/uploads\/2024\/04\/perte-soudaine-de-laudition.jpg","contentUrl":"https:\/\/www.laboratoires-unisson.com\/wp-content\/uploads\/2024\/04\/perte-soudaine-de-laudition.jpg","width":800,"height":514,"caption":"perte soudaine de l'audition"},{"@type":"WebSite","@id":"https:\/\/www.laboratoires-unisson.com\/fr-be#website","url":"https:\/\/www.laboratoires-unisson.com\/fr-be","name":"Laboratoires Unisson","description":"Appareil auditif et proth\u00e8se auditive Moins Cher jusqu&#039;\u00e0 -40%","publisher":{"@id":"https:\/\/www.laboratoires-unisson.com\/fr-be#organization"},"potentialAction":[{"@type":"SearchAction","target":{"@type":"EntryPoint","urlTemplate":"https:\/\/www.laboratoires-unisson.com\/fr-be?s={search_term_string}"},"query-input":{"@type":"PropertyValueSpecification","valueRequired":true,"valueName":"search_term_string"}}],"inLanguage":"fr-BE"},{"@type":"Organization","@id":"https:\/\/www.laboratoires-unisson.com\/fr-be#organization","name":"Laboratoires Unisson","url":"https:\/\/www.laboratoires-unisson.com\/fr-be","logo":{"@type":"ImageObject","inLanguage":"fr-BE","@id":"https:\/\/www.laboratoires-unisson.com\/fr-be#\/schema\/logo\/image\/","url":"https:\/\/www.laboratoires-unisson.com\/wp-content\/uploads\/2022\/01\/logo-unisson.svg","contentUrl":"https:\/\/www.laboratoires-unisson.com\/wp-content\/uploads\/2022\/01\/logo-unisson.svg","width":1,"height":1,"caption":"Laboratoires Unisson"},"image":{"@id":"https:\/\/www.laboratoires-unisson.com\/fr-be#\/schema\/logo\/image\/"}}]}},"_links":{"self":[{"href":"https:\/\/www.laboratoires-unisson.com\/fr-be\/wp-json\/wp\/v2\/faq\/22464","targetHints":{"allow":["GET"]}}],"collection":[{"href":"https:\/\/www.laboratoires-unisson.com\/fr-be\/wp-json\/wp\/v2\/faq"}],"about":[{"href":"https:\/\/www.laboratoires-unisson.com\/fr-be\/wp-json\/wp\/v2\/types\/faq"}],"wp:featuredmedia":[{"embeddable":true,"href":"https:\/\/www.laboratoires-unisson.com\/fr-be\/wp-json\/wp\/v2\/media\/21849"}],"wp:attachment":[{"href":"https:\/\/www.laboratoires-unisson.com\/fr-be\/wp-json\/wp\/v2\/media?parent=22464"}],"wp:term":[{"taxonomy":"faq_category","embeddable":true,"href":"https:\/\/www.laboratoires-unisson.com\/fr-be\/wp-json\/wp\/v2\/faq_category?post=22464"}],"curies":[{"name":"wp","href":"https:\/\/api.w.org\/{rel}","templated":true}]}}

<p>La perte soudaine de l&#8217;audition est un événement alarmant, nécessitant une prise en charge rapide et adaptée. Reconnaître les signes et comprendre les étapes à suivre est essentiel pour gérer efficacement cette situation et préserver au mieux sa santé auditive.</p>

<!-- This site is optimized with the Yoast SEO plugin v27.1.1 - https://yoast.com/product/yoast-seo-wordpress/ -->
<title>Perte soudaine de l’audition : que dois-je faire ?</title>
<meta name="description" content="Découvrez comment réagir face à une perte auditive soudaine ainsi que tous nos conseils pour un diagnostic et une prise en charge adaptée." />
<meta name="robots" content="index, follow, max-snippet:-1, max-image-preview:large, max-video-preview:-1" />
<link rel="canonical" href="https://www.laboratoires-unisson.com/fr-be/wp-json/wp/v2/faq/22464" />
<meta property="og:locale" content="fr_FR" />
<meta property="og:type" content="article" />
<meta property="og:title" content="Perte soudaine de l’audition : que dois-je faire ?" />
<meta property="og:description" content="Découvrez comment réagir face à une perte auditive soudaine ainsi que tous nos conseils pour un diagnostic et une prise en charge adaptée." />
<meta property="og:url" content="https://www.laboratoires-unisson.com/fr-be/faq/audition/perte-soudaine-de-l-audition" />
<meta property="og:site_name" content="Laboratoires Unisson" />
<meta property="article:modified_time" content="2025-02-12T11:35:35+00:00" />
<meta property="og:image" content="https://www.laboratoires-unisson.com/wp-content/uploads/2024/04/perte-soudaine-de-laudition.jpg" />
	<meta property="og:image:width" content="800" />
	<meta property="og:image:height" content="514" />
	<meta property="og:image:type" content="image/jpeg" />
<meta name="twitter:card" content="summary_large_image" />
<script type="application/ld+json" class="yoast-schema-graph">{"@context":"https://schema.org","@graph":[{"@type":"WebPage","@id":"https://www.laboratoires-unisson.com/fr-be/faq/audition/perte-soudaine-de-l-audition","url":"https://www.laboratoires-unisson.com/fr-be/faq/audition/perte-soudaine-de-l-audition","name":"Perte soudaine de l’audition : que dois-je faire ?","isPartOf":{"@id":"https://www.laboratoires-unisson.com/fr-be#website"},"primaryImageOfPage":{"@id":"https://www.laboratoires-unisson.com/fr-be/faq/audition/perte-soudaine-de-l-audition#primaryimage"},"image":{"@id":"https://www.laboratoires-unisson.com/fr-be/faq/audition/perte-soudaine-de-l-audition#primaryimage"},"thumbnailUrl":"https://www.laboratoires-unisson.com/wp-content/uploads/2024/04/perte-soudaine-de-laudition.jpg","datePublished":"2024-04-30T08:34:08+00:00","dateModified":"2025-02-12T11:35:35+00:00","description":"Découvrez comment réagir face à une perte auditive soudaine ainsi que tous nos conseils pour un diagnostic et une prise en charge adaptée.","inLanguage":"fr-BE","potentialAction":[{"@type":"ReadAction","target":["https://www.laboratoires-unisson.com/fr-be/faq/audition/perte-soudaine-de-l-audition"]}]},{"@type":"ImageObject","inLanguage":"fr-BE","@id":"https://www.laboratoires-unisson.com/fr-be/faq/audition/perte-soudaine-de-l-audition#primaryimage","url":"https://www.laboratoires-unisson.com/wp-content/uploads/2024/04/perte-soudaine-de-laudition.jpg","contentUrl":"https://www.laboratoires-unisson.com/wp-content/uploads/2024/04/perte-soudaine-de-laudition.jpg","width":800,"height":514,"caption":"perte soudaine de l'audition"},{"@type":"WebSite","@id":"https://www.laboratoires-unisson.com/fr-be#website","url":"https://www.laboratoires-unisson.com/fr-be","name":"Laboratoires Unisson","description":"Appareil auditif et prothèse auditive Moins Cher jusqu&#039;à -40%","publisher":{"@id":"https://www.laboratoires-unisson.com/fr-be#organization"},"potentialAction":[{"@type":"SearchAction","target":{"@type":"EntryPoint","urlTemplate":"https://www.laboratoires-unisson.com/fr-be?s={search_term_string}"},"query-input":{"@type":"PropertyValueSpecification","valueRequired":true,"valueName":"search_term_string"}}],"inLanguage":"fr-BE"},{"@type":"Organization","@id":"https://www.laboratoires-unisson.com/fr-be#organization","name":"Laboratoires Unisson","url":"https://www.laboratoires-unisson.com/fr-be","logo":{"@type":"ImageObject","inLanguage":"fr-BE","@id":"https://www.laboratoires-unisson.com/fr-be#/schema/logo/image/","url":"https://www.laboratoires-unisson.com/wp-content/uploads/2022/01/logo-unisson.svg","contentUrl":"https://www.laboratoires-unisson.com/wp-content/uploads/2022/01/logo-unisson.svg","width":1,"height":1,"caption":"Laboratoires Unisson"},"image":{"@id":"https://www.laboratoires-unisson.com/fr-be#/schema/logo/image/"}}]}</script>
<!-- / Yoast SEO plugin. -->

Découvrez comment réagir face à une perte auditive soudaine ainsi que tous nos conseils pour un diagnostic et une prise en charge adaptée.

Appareil auditif et prothèse auditive Moins Cher jusqu&#039;à -40%
